{"id":149,"date":"2017-01-10T23:44:41","date_gmt":"2017-01-10T22:44:41","guid":{"rendered":"http:\/\/pace84.fr\/?page_id=149"},"modified":"2019-09-03T20:49:36","modified_gmt":"2019-09-03T18:49:36","slug":"pace","status":"publish","type":"page","link":"http:\/\/pace84.fr\/?page_id=149","title":{"rendered":"Pratique d\u2019Arts Chinois Energ\u00e9tiques"},"content":{"rendered":"<p><img decoding=\"async\" loading=\"lazy\" class=\"wp-image-449 aligncenter\" src=\"http:\/\/pace84.fr\/wp-content\/uploads\/2017\/01\/IMG_20190611_193928-300x225.jpg\" alt=\"\" width=\"617\" height=\"463\" srcset=\"http:\/\/pace84.fr\/wp-content\/uploads\/2017\/01\/IMG_20190611_193928-300x225.jpg 300w, http:\/\/pace84.fr\/wp-content\/uploads\/2017\/01\/IMG_20190611_193928-768x576.jpg 768w, http:\/\/pace84.fr\/wp-content\/uploads\/2017\/01\/IMG_20190611_193928-1024x768.jpg 1024w\" sizes=\"(max-width: 617px) 100vw, 617px\" \/><\/p>\n<p style=\"text-align: left;\"><strong>L&#8217;association PACE<\/strong> \u00e0 Pertuis partage l\u2019\u00e9tude, l\u2019enseignement et la pratique des arts \u00e9nerg\u00e9tiques et des disciplines traditionnelles associ\u00e9es \u00e0 l\u2019Extr\u00eame Orient.<\/p>\n<p>Nous pratiquons du <strong>Tai Chi Chuan\u00a0<\/strong>avec assiduit\u00e9 dans une ambiance tr\u00e8s conviviale, chaque participant \u00e9volue \u00e0 son propre rythme. Nous privil\u00e9gions la douceur et la d\u00e9tente, nous promouvons le bien-\u00eatre et l\u2019\u00e9quilibre du Qi.<\/p>\n<p>En faisant parti de <strong>\u00abl\u2019\u00e9cole de Maitre Wang \u00e0 Shanghai\u00bb<\/strong>,\u00a0de\u00a0<strong>\u00abl\u2019\u00e9cole de Maitre Jung \u00e0 Aix-en-Provence\u00bb<\/strong> et de <strong>\u00abla F\u00e9d\u00e9ration Sports pour Tous\u00bb<\/strong> nos enseignants \u00e9changent r\u00e9guli\u00e8rement avec d\u2019autres enseignants. Nous encourageons \u00e9galement tous nos membres exp\u00e9riment\u00e9s, en souhaitant qu\u2019ils aillent plus loin dans leur pratique.<\/p>\n<p>Depuis sa cr\u00e9ation en 2008, nous avons mis en place une biblioth\u00e8que de livres divers sur la m\u00e9ditation, le <strong>Qi Gong<\/strong> (Chi Qong), le <strong>Tai Ji Quan<\/strong> (Tai Chi Chuan), la philosophie orientale et l\u2019alimentation orientale.<\/p>\n<p>En complet\u00a0accord avec la philosophie de notre f\u00e9d\u00e9ration, nous nous effor\u00e7ons \u00e0 rendre nos activit\u00e9s accessibles \u00e0 tous les publics.<img decoding=\"async\" loading=\"lazy\" class=\" wp-image-194 aligncenter\" src=\"http:\/\/pace84.fr\/wp-content\/uploads\/2017\/01\/EPMM_Sports_pour_Tous-300x178.jpg\" alt=\"\" width=\"209\" height=\"124\" srcset=\"http:\/\/pace84.fr\/wp-content\/uploads\/2017\/01\/EPMM_Sports_pour_Tous-300x178.jpg 300w, http:\/\/pace84.fr\/wp-content\/uploads\/2017\/01\/EPMM_Sports_pour_Tous-768x456.jpg 768w, http:\/\/pace84.fr\/wp-content\/uploads\/2017\/01\/EPMM_Sports_pour_Tous.jpg 903w\" sizes=\"(max-width: 209px) 100vw, 209px\" \/><\/p>\n","protected":false},"excerpt":{"rendered":"<p>L&#8217;association PACE \u00e0 Pertuis partage l\u2019\u00e9tude, l\u2019enseignement et la pratique des arts \u00e9nerg\u00e9tiques et des disciplines traditionnelles associ\u00e9es \u00e0 l\u2019Extr\u00eame Orient. Nous pratiquons du Tai Chi Chuan\u00a0avec assiduit\u00e9 dans une ambiance tr\u00e8s conviviale, chaque participant \u00e9volue \u00e0 son propre rythme. Nous privil\u00e9gions la douceur et la d\u00e9tente, nous promouvons le bien-\u00eatre et l\u2019\u00e9quilibre du Qi. &hellip; <a href=\"http:\/\/pace84.fr\/?page_id=149\" class=\"more-link\">Continue reading <span class=\"screen-reader-text\">Pratique d\u2019Arts Chinois Energ\u00e9tiques<\/span><\/a><\/p>\n","protected":false},"author":2,"featured_media":0,"parent":0,"menu_order":0,"comment_status":"closed","ping_status":"closed","template":"","meta":[],"_links":{"self":[{"href":"http:\/\/pace84.fr\/index.php?rest_route=\/wp\/v2\/pages\/149"}],"collection":[{"href":"http:\/\/pace84.fr\/index.php?rest_route=\/wp\/v2\/pages"}],"about":[{"href":"http:\/\/pace84.fr\/index.php?rest_route=\/wp\/v2\/types\/page"}],"author":[{"embeddable":true,"href":"http:\/\/pace84.fr\/index.php?rest_route=\/wp\/v2\/users\/2"}],"replies":[{"embeddable":true,"href":"http:\/\/pace84.fr\/index.php?rest_route=%2Fwp%2Fv2%2Fcomments&post=149"}],"version-history":[{"count":49,"href":"http:\/\/pace84.fr\/index.php?rest_route=\/wp\/v2\/pages\/149\/revisions"}],"predecessor-version":[{"id":451,"href":"http:\/\/pace84.fr\/index.php?rest_route=\/wp\/v2\/pages\/149\/revisions\/451"}],"wp:attachment":[{"href":"http:\/\/pace84.fr\/index.php?rest_route=%2Fwp%2Fv2%2Fmedia&parent=149"}],"curies":[{"name":"wp","href":"https:\/\/api.w.org\/{rel}","templated":true}]}}